**2 + j - 7. Let n(b) be the second derivative of b**5/4 + b**4/4 + b**3/3 - 7*b**2 + 28*b. Let h(p) = 7*c(p) - 3*n(p). Calculate h(5).
-2
Let x(l) = 2292 - 3*l**2 + 2*l**2 - 2294. What is x(0)?
-2
Suppose 18 - 72 = -9*g. Let u(k) = 4*k + 6. Determine u(g).
30
Let t be (0/6)/((-1)/1). Suppose -3*b + b = t. Let a(l) = -1 - l**2 + 3 - l - 3. Calculate a(b).
-1
Let b be ((-144)/40 - (-4)/(-10)) + 17. Let l(u) = -u**3 + 13*u**2. What is l(b)?
0
Suppose -3 - 1 = -f. Suppose f*w + 2 = -5*k + 8, -k - 3*w = 1. Let y(m) = -m**2 + m + 1. Determine y(k).
-1
Let x = -2 + 7. Let a(u) be the third derivative of -5*u**4/24 + 7*u**3/6 - 4*u**2 + 24. Calculate a(x).
-18
Let a(j) = 10*j - 45. Let q be a(5). Let b(o) = -1 - 8*o + 13*o + q*o. Determine b(-1).
-11
Let q(k) be the first derivative of 42 + 1/3*k**3 + 9/2*k**2 - k. Calculate q(-8).
-9
Suppose 5*a - 5 = 5. Suppose -6 = -5*u - 4*v + v, a*u + 6 = 3*v. Let k(h) = -3*h + 66. Let g(m) = -5*m + 114. Let y(d) = -4*g(d) + 7*k(d). Calculate y(u).
6
Let f(b) be the first derivative of b**2 + 20*b - 354. Give f(-8).
4
Let x = -48 - -83. Suppose x = 5*p + 2*p. Let m(a) = a**2 - 4*a**3 + 2 + 0 - 6*a**2 - p*a + 5*a**3. Give m(6).
8
Let d(v) = 2*v**2 - 28*v + 5. Suppose 86*c - 221 - 983 = 0. Give d(c).
5
Let h(f) = -f**2 - f - 3. Suppose 0 = 3*k - k. Let d = k + 0. What is h(d)?
-3
Suppose -4*v = -2*k - 4, -18*v = -13*v + 2*k - 5. Let p(m) = 3*m - 1. Determine p(v).
2
Let m(q) = -11*q**2 + 10*q + 7. Let c(r) = 5*r**2 - 4*r - 3. Let u(p) = -5*c(p) - 2*m(p). What is u(-2)?
-11
Let u(c) = -13*c**2. Let s(w) = -2*w**2 - 18*w - 11. Let b be s(-9). Let i be (-16)/(-72) + b/9. Determine u(i).
-13
Let m(r) = -r**3 + 6*r**2 - 6*r + 12. Let l(v) = -2*v**2 - 5*v + 57. Let n be l(4). Give m(n).
7
Let l(g) = -g + 1. Suppose -5*a - 15 = 0, x - 12 = 3*a + 17. Let w = 66 + -85. Let f = w + x. What is l(f)?
0
Let t(s) = 8*s + 4 - 6 - 14*s + s. Let k(g) = 11*g + 3. Let o(c) = 4*k(c) + 9*t(c). Give o(-7).
1
Suppose 7*y - 3*y - 8 = 0. Let a(l) = -y + 13*l - 14*l + 0. Give a(-2).
0
Let p be (12 + -3)/(0 + 1). Let c(m) = -m + 19. Let d be c(p). Let r = d + -5. Let h(f) = -f + 8. Calculate h(r).
3
Let j(y) = 52*y**2 + y**3 + 6*y - 16*y**2 + 6 - 30*y**2. Let p be (0 + -1)*-4 + -9. Calculate j(p).
1
Suppose 11*a = -24 - 9. Let m(j) = 6*j**2 + 3*j + 2. Give m(a).
47
Let c = -6 + 11. Suppose 7 = c*n + 32. Let y(b) = b**2 + 6*b. What is y(n)?
-5
Suppose -g = 5*v + 3*g - 29, 2*g - 2 = 0. Let j(b) = v - 5*b + b**3 + 13*b - 4*b**2 - 5*b**2. Determine j(8).
5
Let m be -1 - -1 - 1*-3. Let n be (-3)/(-9) - (-2)/m. Let u(i) be the third derivative of i**5/20 + i**4/24 - i**3/6 - 3*i**2. What is u(n)?
3
Let b(z) = -z**2 - 40*z + 220. Let u be b(5). Let f(s) = -s - 4. Give f(u).
1
Let u(g) = 0*g + 3 + 0 - 2*g + 0*g**2 + g**2. Let l be u(2). Let v(o) = 4*o**3 + 5*o**3 + 5*o**l + 1 - 4*o**3. Calculate v(1).
11
Suppose 4*c = 5*j - 60 - 65, -3*j = 2*c - 53. Let p = j + -19. Let q(l) = -2 + l**p + 3*l**2 + 2*l - l**3 + 0. What is q(4)?
6
Let z(p) = p**3 + 5*p**2 - 5*p - 6. Suppose 5*t = u + 5, t + 3*u = 5 + 12. Suppose t*k = 7*k + 90. Let i = k - -12. What is z(i)?
-12
Let d(x) = x**3 + 4*x**2 + 2*x + 3. Suppose -2*p = -5*p + l + 9, -3*p + 3*l = -3. Let h = p + 1. Suppose -4*t - h = 7. Give d(t).
6
Let l(f) = 9*f**2 + 23*f - 6. Let n(t) = -5*t**2 - 12*t + 3. Suppose -4*s - 5 = 3*i + 5, 5*i = 4*s - 38. Let c(o) = i*l(o) - 11*n(o). Calculate c(5).
-2
Let z(i) = i - 4. Let d be z(4). Let a(c) be the third derivative of d*c + 1/6*c**3 + 1/24*c**4 + 0 - 3*c**2. Calculate a(3).
4
Let l(y) = y**2 - 2*y - 41. Let p be l(-5). Let k(j) = j**3 - 2*j**3 - 6*j - 7*j**2 + 2 + 0*j**2. What is k(p)?
2
Let s = -60 + 67. Let x(u) = -u**3 + 7*u**2 + u + 17. What is x(s)?
24
Let f(d) be the second derivative of d**5/20 + 29*d**4/12 + d**3/6 + 16*d**2 + 6*d - 58. What is f(-29)?
3
Let q(d) = 2*d - 1. Let u(x) = -23*x + 12. Let z(w) = -6*q(w) - u(w). Calculate z(4).
38
Let o(c) = c**3 + 5*c**2 + 3. Let m be (540/(-6))/6 + -1 + 4. Let y(q) = -q**3 - 13*q**2 - 11*q + 7. Let z be y(m). Determine o(z).
3
Let r be ((-18)/33)/(2/(-22)). Let g(i) = 2*i**2 - 12*i + 6. Determine g(r).
6
Let v be ((-2)/(-5))/(18/630). Let x = v + -23. Let l be (-16)/(-6)*x/6. Let f(z) = z**2 + 3*z - 3. Give f(l).
1
Let o(j) = -2 - 12*j - 8*j - 8*j + 26*j. Suppose 0 = 3*p - 4*p + 2, -4*k + 2*p + 16 = 0. Calculate o(k).
-12
Let s(o) = -2*o**3 - 2*o**2 + 3*o + 3. Let n be s(-2). Let a(q) = n*q + 90 - 10*q**2 + 9*q**2 - 86. Let y = -10 - -15. Determine a(y).
4
Let u(c) = -c**3 + 4*c - 4. Let k(o) = -8*o + 26*o + 29 - 20*o. Let j be k(13). Give u(j).
-19
Suppose -2*v + 26 = -0. Let m = -16 + v. Let d(s) = -2*s - 4. Determine d(m).
2
Let k(b) be the first derivative of -b**5/30 + b**4/24 - b**3/3 + 17*b**2/2 - 11. Let v(x) be the second derivative of k(x). Calculate v(2).
-8
Let j(v) = -3 - 5*v - 7*v**2 - 5*v**2 + 13*v**2. Let q = 17 + -11. Determine j(q).
3
Let n(y) be the first derivative of y**3/3 - 5*y**2/2 - 4*y + 252. Give n(3).
-10
Let m(z) = 2*z. Let y(j) = 9*j - 2. Let w(k) = -3*m(k) + y(k). What is w(-1)?
-5
Let o = 477 + -474. Let h(s) be the first derivative of -o - 2*s + 1/2*s**2. Calculate h(2).
0
Let h(q) be the first derivative of -q**4/4 + q**3 + q**2 - 39. Let k(j) = -j**3 - 8*j**2 - 6*j + 10. Let d be k(-7). Give h(d).
6
Let i(b) be the second derivative of -1/6*b**3 - 3/2*b**2 - 8*b + 0. Calculate i(4).
-7
Let k be (-1)/2 + 30*(-11)/44. Let q(p) = p**2 + 9*p - 8. Give q(k).
-16
Let u(w) be the third derivative of -1/60*w**5 + 0 + 6*w**2 + 1/6*w**3 + 0*w - 5/24*w**4. Calculate u(-7).
-13
Let i(t) = 9*t + 8*t + 4*t + 1 + 15*t - 15*t. Determine i(1).
22
Let f(k) = k - 4 + 8 - 9. Let x(d) = 3*d - 16. Let a = 10 + -17. Let v(n) = a*f(n) + 2*x(n). Give v(3).
0
Let i(x) = x**3 - x**2 - 4*x - 12. Let d be i(4). Suppose 4*v = 5*m + d, 4*m - 8 = 8. Let s(p) = -p + 5. What is s(v)?
-5
Let g(a) = -2*a + 5. Let i(v) = 19*v - 1 - 4*v**2 + 5*v**2 - 24*v + 0. Let u be i(6). Calculate g(u).
-5
Let i(q) = -q - 11. Let j be 1*(-18)/(-30) + (-42)/(-5). Calculate i(j).
-20
Suppose 0 - 2 = -w. Let x be (-4)/6*9/(-6). Let u(a) = -2*a + w*a - x + a - 2*a. Determine u(-5).
4
Let j(t) be the third derivative of t**4/24 + t**3/6 + 8*t**2. Give j(11).
12
Let q = 12 + -7. Let j(v) = -7*v + 3. Let g(n) = -12*n + 4. Let c(h) = -4*g(h) + 7*j(h). Calculate c(q).
0
Let s = -623 - -628. Let i(g) = -g + 5. What is i(s)?
0
Let i(k) = -k - 6. Let x(m) = -2*m - 8. Suppose 4*d + 23 - 15 = 0. Let h be x(d). Calculate i(h).
-2
Let k(z) be the third derivative of -z**4/8 + 10*z**3/3 - 131*z**2. What is k(6)?
2
Let f(b) = -3*b - 3. Let c = -40 + 38. Give f(c).
3
Let b be (-4)/(-18) + 2379/351. Let r(u) = -u**3 + 8*u**2 - 7*u - 2. Determine r(b).
-2
Let v = 15 + -13. Let x(l) = -44*l + 3 + 92*l - v - 55*l. What is x(1)?
-6
Suppose 0 = -23*g + 17*g. Let p(z) be the second derivative of z + g*z**3 + 5/2*z**2 + 0 - 1/12*z**4. Give p(-4).
-11
Let s(l) = -l + 2. Let k(f) = f. Let c(h) = 2*k(h) - s(h). Calculate c(7).
19
Let b be 2*2/16*(64 + -60). Let h(f) be the third derivative of -f**4/12 + f**2. Determine h(b).
-2
Let b(m) = 2*m - 5. Let i(t) = 10*t - 24. Let x be 2 + (1 - 0) - 0/(-57). Let c be i(x). Give b(c).
7
Let i(g) = 2*g. Let z(s) = -6*s - 25. Let x be z(-4). Let f(p) = -10*p + 6. Let v(w) = x*f(w) - 6*i(w). Determine v(-6).
6
Let z be 8/4 + 2 + 0. Let r(c) = 2*c**2 - 7*c - 4. Let t be r(z). Let y(m) = m. Determine y(t).
0
Let p(i) = -i**2 - 9*i + 7. Suppose 13*u + 18 = 11*u. Determine p(u).
7
Let k(b) be the third derivative of b**4/24 + b**3/3 - 392*b**2. Give k(9).
11
Let f = 158 - 157. Suppose 4*p + f + 27 = 0. Let t(j) = -j - 1. Calculate t(p).
6
Let o(u) be the first derivative of 2*u**3/3 + 5*u**2/2 - 396. Calculate o(-4).
12
Let g(d) = 9*d - 5. Suppose -30*n + 33*n - 5*l - 16 = 0, -3*n - 4*l - 2 = 0. Determine g(n).
13
Let w(f) be the third derivative of -f**5/60 - f**4/24 + 14*f**3/3 - 7*f**2 + 2*f. Give w(0).
28
Let l(y) = -y**3 + 7*y**2 - 2*y - 1. Let d(v) = 5*v + 10. Let s be d(-7). Let k = s + 32. Calculate l(k).
-15
Let v(k) be the third derivative of 0 - 5/24*k**4 + k**2 + 2/3*k**3 + 1/60*k**5 + 0*k. Let g(r) = -r**3 + 13*r**2 - 40*r - 9. Let b be g(6). Calculate v(b).
-2
Let t(g) be the first derivative of 1